ided by 27?
26
Let w = -3 + 4. Let x be 2*2 + w + -3. Calculate the remainder when 13 + x - (-1 - -1) is divided by 8.
7
Suppose 26*x - 164 = 24*x. What is the remainder when x is divided by 17?
14
Let u = -9 + 13. Suppose -24 = -u*j + 56. What is the remainder when 38 is divided by j?
18
Suppose 3*o - 26 = 10. Suppose 2*k - 4*c = 64, -4*k + 139 = c + 2*c. Calculate the remainder when k is divided by o.
10
Let x(h) = -12*h - 3. Calculate the remainder when x(-1) is divided by 2.
1
Let c(x) = -2 - 4 - x - 1 + 3. What is the remainder when 9 is divided by c(-7)?
0
Let f(z) = -3*z + 24. Calculate the remainder when f(-13) is divided by 33.
30
Suppose 61 = n - 0*n. Suppose 0 = 4*z - 3*s - n, 2*z = 3*s + s + 28. Suppose -93 = -4*i + 27. What is the remainder when i is divided by z?
14
Suppose 4*k - 9 = -r, r = 2*r + 2*k - 9. Suppose r + 35 = 2*b. What is the remainder when b is divided by 3 - (-9 - 16/(-4))?
6
Let o(p) be the first derivative of p**3/3 - p**2 + p - 1. What is the remainder when 46 is divided by o(5)?
14
Suppose -g + 9 + 11 = 0. Calculate the remainder when g is divided by 7.
6
Let t = 4 - 11. What is the remainder when 27 is divided by ((-1)/(-2))/(t/(-196))?
13
Let t = -6 - -5. Let a(y) = -24*y**3 - y**2 - y - 1. Calculate the remainder when a(t) is divided by 8.
7
Let m = 6 + 0. Let y(d) be the first derivative of d**4/4 - 5*d**3/3 - 2*d**2 + 3*d - 1. What is the remainder when 28 is divided by y(m)?
13
Suppose -238 + 46 = -16*x. Calculate the remainder when 59 is divided by x.
11
Let s(q) = -q**2 - 12*q - 12. Suppose -3*o + 56 = -58. What is the remainder when o is divided by s(-8)?
18
Suppose 0*m + 4*m + v - 123 = 0, 5*v = -3*m + 105. What is the remainder when 87 is divided by m?
27
Suppose 26 = -2*f + 2*d + 62, -78 = -5*f - d. Let t = f + -9. Calculate the remainder when t is divided by 4.
3
Let x = -19 + 28. Let o = x - 4. Let s(b) = -b**2 - b + 13. Calculate the remainder when s(0) is divided by o.
3
Suppose 6 = -2*k, k = 5*g - 0 - 3. Suppose -7 = -q + 9. Calculate the remainder when q is divided by 18*(g + 2/6).
4
Let i = -4 - -10. Let p = 16 - i. What is the remainder when 18 is divided by p?
8
Calculate the remainder when ((-17)/(-85))/((-2)/(-590)) is divided by 10.
9
Suppose -3*v + 139 = 25. What is the remainder when v is divided by 20?
18
Let i(o) = o**3 - 4*o**2 + 4*o - 5. Calculate the remainder when 30 is divided by i(4).
8
Suppose 140 = 2*y - 2*o, 13*y - o = 10*y + 212. Let c = 146 - 101. Let r = c - 27. Calculate the remainder when y is divided by r.
17
Let b(f) = 2*f**3 - 3*f**2 - 1. Let m = 26 + -17. What is the remainder when b(3) is divided by m?
8
Suppose n - 4*n - 26 = -5*y, 0 = -2*y + 5*n - 1. Calculate the remainder when y is divided by 4.
3
Suppose 15*q = 20*q - 100. Calculate the remainder when q is divided by 7.
6
Let b = -15 - -68. Let q = -208 - -236. Calculate the remainder when b is divided by q.
25
Let c(f) = 62*f**2 + 2*f + 2. What is the remainder when c(-1) is divided by 21?
20
Suppose -2*p = -5*p + 2*j + 145, -p = 5*j - 20. What is the remainder when p is divided by 16?
13
Let s = -10 + 14. Suppose 25 = k + 2*a, 2*k - s*a = -2*k + 100. What is the remainder when k is divided by 13?
12
Let u(z) = z + 0*z - 4 - 4. Let n be u(6). What is the remainder when 13 is divided by -2 - -8 - 2/n?
6
Suppose -4*y + 6*y - 76 = 0. Let f = y - 20. Calculate the remainder when 34 is divided by f.
16
Suppose 3*p + 0 = 39. Suppose -w = d - 2*d - 24, -3*d = 3*w - 66. Calculate the remainder when w is divided by p.
10
Let n be 2*9/6 + 8. What is the remainder when 28 is divided by -2 + -2 + 1 + n?
4
Suppose l - 5*c = -4, 0 = 5*l - 6*c + 3*c - 24. Let f = 33 - 18. Calculate the remainder when f is divided by l.
3
Let q(w) = -w + 14. What is the remainder when 17 is divided by q(9)?
2
Let y be (-2 - 3)*(-6)/(-6). Let o = 60 + y. Calculate the remainder when o is divided by 14.
13
Let a = 34 + -11. What is the remainder when a is divided by 17?
6
Suppose 0 = 3*g + v - 12, 4*g - 16 = -0*g - v. Suppose -g*d + 5*h = -d - 12, 2*h = 6. Suppose -u = -4*u + 48. Calculate the remainder when u is divided by d.
7
Let i be 24/4 - 2*1. Suppose 3*q - 18 = -s, -s + 0*q + 39 = -i*q. Calculate the remainder when 31 is divided by (-6)/s + (-438)/(-27).
15
Let z be (16/10)/(1/5). Suppose -5*i = -z - 22. Calculate the remainder when 10 is divided by i.
4
Let n = 104 - -17. Calculate the remainder when n is divided by 31.
28
Suppose -b - b + 240 = 0. Let w(p) = -39*p + 2. Calculate the remainder when b is divided by w(-1).
38
Suppose -6 = -3*w + 6. Suppose 4*q - 48 = -w*y, -y = q - 5*y - 22. What is the remainder when 29 - -4*2/(-4) is divided by q?
13
Suppose 2*d = 10 - 8. Calculate the remainder when (-4)/(-2) + 0 + 0 is divided by d.
0
Let j be 2/(-8) + (-17)/(-4). Suppose 0 = 5*p - 9 + j. Calculate the remainder when 2 is divided by p.
0
Suppose -3*p = -7*p. Let x be 17 - (-2)/(-6)*p. Suppose -x = 3*a - 47. What is the remainder when 28 is divided by a?
8
Suppose 0 = -6*y - 36 + 336. What is the remainder when y is divided by 26?
24
Let v(h) = h**3 - 3*h**2 - 8*h + 5. What is the remainder when 57 is divided by v(5)?
12
Let s(f) = f**3 + 10*f**2 - 11*f + 15. Let p be s(-11). Let q be (1 + 38)*(-5)/p. Let u = q + 32. What is the remainder when u is divided by 7?
5
Suppose z + 4 = 9. Suppose 0 = -s + z*a - 2*a + 4, -4*a + 64 = 4*s. What is the remainder when 24 is divided by s?
11
Let w(i) be the second derivative of i**4/12 + i**3 + 4*i**2 - 10*i. What is the remainder when 3 is divided by w(-5)?
0
Suppose -n - 26 + 92 = 0. Calculate the remainder when n is divided by 17.
15
Suppose 0 = 4*t - t - 6. Suppose l + 3*x = -7, -7 = t*l + 4*x + 1. Let u = -1 + 3. Calculate the remainder when l is divided by u.
0
Let v(d) = -d**3 - 5*d**2 - 5*d + 2. Let i(l) = -l**2 + 3*l - 5. Let z be i(3). Let y(r) = -3*r - 5. Calculate the remainder when v(-5) is divided by y(z).
7
Suppose -3*s + 2*a = -127, 181 = s + 3*s - 5*a. Suppose -15 = -3*x, 5*w - x - s = 26. Calculate the remainder when 39 is divided by w.
11
Let m(i) = -16*i - 12. What is the remainder when 117 is divided by m(-2)?
17
Let s(x) = 17 + x**2 + 16 - 7. Let i(n) = n - 5. Let o be i(5). What is the remainder when s(o) is divided by 9?
8
Let f(h) = 11*h + 1. Calculate the remainder when 22 is divided by f(1).
10
Suppose o + 3*r - 51 = -o, -5*o + 102 = -r. Let s = -22 - -33. What is the remainder when o is divided by s?
10
Suppose 0 = -4*c + 8. Let i = 7 + c. What is the remainder when i is divided by 5?
4
Let h(s) = -s**3 - 23*s**2 + 2*s + 57. What is the remainder when h(-23) is divided by 5?
1
Suppose -o + 2*x = -0*x, -4*o + 18 = x. Calculate the remainder when 10 is divided by o.
2
Let n(g) = -g**2 + 13*g - 1. Let v be 7/(-14) - 25/(-2). Let c(i) = i - 2. What is the remainder when n(v) is divided by c(5)?
2
Let q(n) = n + 7. Let f be q(-3). Suppose f*g - 6 - 17 = -5*c, 0 = -4*c - 20. Calculate the remainder when 23 is divided by g.
11
Let y = -8 + 27. Let s = -13 + y. What is the remainder when s is divided by 4?
2
Suppose -5*a = -0*a. Suppose a = -4*w - w + 10. Suppose -32 = -4*o - w*z + 10, -5*z = -5*o + 15. What is the remainder when o is divided by 5?
3
Let a be ((-42)/(-3))/((-2)/(-1)). Suppose 7 = 2*m - a. Calculate the remainder when 26 is divided by m.
5
Let o = 1 - 14. Let r = -77 - o. Calculate the remainder when (-4)/6 - r/6 is divided by 4.
2
Suppose 4*m = 8*m - 132. What is the remainder when 65 is divided by m?
32
Let u(j) = 3*j + 22. Calculate the remainder when u(-6) is divided by 1.
0
Suppose -v - 2*v = -12. Suppose 3*i = v*k + 26 - 7, 4*i = 3*k + 23. Let s(d) = 4*d**2 - d. What is the remainder when 14 is divided by s(k)?
4
Let i = 38 - 26. Let w(t) = 2*t**2 - 1. Let n be w(2). Calculate the remainder when i is divided by (-2 - 1)/((-3)/n).
5
Let p = -91 - -105. Calculate the remainder when 27 is divided by p.
13
Suppose 5*p - b = 44, -2*p + 6*p + 2*b = 38. Suppose 3*d - 16 = -2*q, q - 5*d = 2*q - 15. Calculate the remainder when p is divided by q.
4
Let i = 33 + -22. Calculate the remainder when 32 is divided by i.
10
Let u(j) = j**3 + 7*j**2 - 5*j - 4. Suppose -i - 94 = -5*r, -i - 3*i - 34 = -r. Calculate the remainder when u(-5) is divided by r.
17
Suppose 